{"id":1151,"date":"2022-05-24T10:27:04","date_gmt":"2022-05-24T08:27:04","guid":{"rendered":"https:\/\/konkurs-instytut-biologii.sarp.warszawa.pl\/?page_id=1151"},"modified":"2023-07-12T10:51:10","modified_gmt":"2023-07-12T08:51:10","slug":"harmonogram","status":"publish","type":"page","link":"http:\/\/konkurs-biezun.sarp.warszawa.pl\/index.php\/harmonogram\/","title":{"rendered":"Harmonogram"},"content":{"rendered":"\n<figure class=\"wp-block-table\"><table><tbody><tr><td colspan=\"3\"><strong>ETAP KWALIFIKACYJNY<\/strong><\/td><\/tr><tr><td>4.1.<\/td><td><strong><u>OG\u0141OSZENIE KONKURSU<\/u><\/strong> &nbsp; Og\u0142oszenie o konkursie zosta\u0142o przekazane Urz\u0119dowi Publikacji Unii Europejskiej<\/td><td><strong>07.07.2023 r.<\/strong><\/td><\/tr><tr><td>4.2.<\/td><td><strong><u>WNIOSKI O WYJA\u015aNIENIE TRE\u015aCI REGULAMINU (TURA 1)<\/u><\/strong> &nbsp; Zalecany termin sk\u0142adania poprzez Elektroniczn\u0105 Platform\u0119 Konkursow\u0105 wniosk\u00f3w o wyja\u015bnienie tre\u015bci Regulaminu konkursu dotycz\u0105cych w szczeg\u00f3lno\u015bci przygotowania i sk\u0142adania wniosk\u00f3w o dopuszczenie do udzia\u0142u w konkursie. &nbsp; Organizator udzieli wyja\u015bnie\u0144 poprzez Platform\u0119 komunikacji elektronicznej niezw\u0142ocznie, jednak nie p\u00f3\u017aniej ni\u017c na 2 dni przed up\u0142ywem terminu sk\u0142adania wniosk\u00f3w o dopuszczenie do udzia\u0142u w konkursie.<\/td><td>Do dnia <strong>25.07.2023 r.<\/strong><\/td><\/tr><tr><td>4.3.<\/td><td><strong><u>WNIOSKI O DOPUSZCZENIE DO UDZIA\u0141U W KONKURSIE<\/u><\/strong> &nbsp; Ostateczny termin sk\u0142adania poprzez Elektroniczn\u0105 Platform\u0119 Konkursow\u0105 wniosk\u00f3w o dopuszczenie do udzia\u0142u w Konkursie oraz podmiotowych \u015brodk\u00f3w dowodowych, o\u015bwiadcze\u0144 i dokument\u00f3w na potwierdzenie spe\u0142nienia wymaga\u0144 okre\u015blonych przez Organizatora. &nbsp; <em>Organizator uzyska dost\u0119p do powy\u017cszych dokument\u00f3w elektronicznych dopiero po terminie ich z\u0142o\u017cenia.<\/em><\/td><td>Do dnia <strong>31.07.2023<\/strong> <strong>r.<\/strong><\/td><\/tr><tr><td>4.4.<\/td><td><strong><u>DOPUSZCZENIE DO UDZIA\u0141U W KONKURSIE<\/u><\/strong> &nbsp; Ostateczny termin poinformowania Uczestnik\u00f3w konkursu poprzez Elektroniczn\u0105 Platform\u0119 Konkursow\u0105 o dopuszczeniu do udzia\u0142u w Konkursie oraz zaproszenie do sk\u0142adania Opracowa\u0144 studialnych Etapu I lub powiadomienie o niedopuszczeniu do udzia\u0142u w Konkursie.<\/td><td>Do dnia <strong>14.08.2023 r.<\/strong><\/td><\/tr><tr><td colspan=\"3\"><strong>ETAP I \u2013 OPRACOWANIA STUDIALNE<\/strong><\/td><\/tr><tr><td>4.5.<\/td><td><strong><u>WNIOSKI O WYJA\u015aNIENIE TRE\u015aCI REGULAMINU (TURA 2)<\/u><\/strong> &nbsp; Zalecany termin sk\u0142adania poprzez Elektroniczn\u0105 Platform\u0119 Konkursow\u0105 wniosk\u00f3w o wyja\u015bnienie tre\u015bci Regulaminu konkursu dotycz\u0105cych w szczeg\u00f3lno\u015bci przygotowania i sk\u0142adania Opracowa\u0144 studialnych. &nbsp; Organizator udzieli wyja\u015bnie\u0144 poprzez Platform\u0119 komunikacji elektronicznej niezw\u0142ocznie.<\/td><td>Do dnia <strong>06.09.2023 r.<\/strong> &nbsp;<\/td><\/tr><tr><td>4.6.<\/td><td><strong><u>OPRACOWANIA STUDIALNE &#8211; SK\u0141ADANIE<\/u><\/strong> &nbsp; Ostateczny termin sk\u0142adania Opracowa\u0144 studialnych. &nbsp; Opracowania studialne w postaci elektronicznej nale\u017cy sk\u0142ada\u0107 poprzez Elektroniczn\u0105 Platform\u0119 Konkursow\u0105. <em>Organizator uzyska dost\u0119p do powy\u017cszych dokument\u00f3w elektronicznych dopiero po terminie ich z\u0142o\u017cenia.<\/em> <em>&nbsp;<\/em> Opracowania studialne w postaci fizycznej nale\u017cy sk\u0142ada\u0107 na adres korespondencyjny Organizatora wskazany w Rozdziale I ust. 1. tj: Oddzia\u0142 Warszawski Stowarzyszenia Architekt\u00f3w Polskich ul. Foksal 2 00-366 Warszawa (godziny pracy od 09.00 do 16.00)<\/td><td>Do dnia <strong>29.09.2023 r.<\/strong> do godziny <strong>15.00<\/strong><\/td><\/tr><tr><td>4.7.<\/td><td><strong><u>KWALIFIKACJA DO ETAPU II KONKURSU<\/u><\/strong> <strong><u>&nbsp;<\/u><\/strong> Ostateczny termin powiadomienia poprzez Elektroniczn\u0105 Platform\u0119 Konkursow\u0105 Uczestnik\u00f3w konkursu o kwalifikacji do Etapu II Konkursu oraz zaproszenia tych Uczestnik\u00f3w do sk\u0142adania Prac konkursowych.<\/td><td>Do dnia <strong>10.10.2023 r.<\/strong><\/td><\/tr><tr><td colspan=\"3\"><strong>ETAP II \u2013 PRACE KONKURSOWE<\/strong><\/td><\/tr><tr><td>4.8.<\/td><td><strong><u>WNIOSKI O WYJA\u015aNIENIE TRE\u015aCI REGULAMINU (TURA 3)<\/u><\/strong> &nbsp; Zalecany termin powiadomienia poprzez Elektroniczn\u0105 Platform\u0119 Konkursow\u0105 wniosk\u00f3w o wyja\u015bnienie tre\u015bci Regulaminu konkursu dotycz\u0105cych w szczeg\u00f3lno\u015bci przygotowania i sk\u0142adania Prac konkursowych. &nbsp; Organizator udzieli wyja\u015bnie\u0144 poprzez Platform\u0119 komunikacji elektronicznej niezw\u0142ocznie.<\/td><td>Do dnia <strong>03.11.2023 r.<\/strong><\/td><\/tr><tr><td>4.9.<\/td><td><strong><u>PRACE KONKURSOWE \u2013 SK\u0141ADANIE POSTACI ELKTRONICZNEJ ORAZ POSTACI FIZYCZNEJ<\/u><\/strong> &nbsp; Ostateczny termin sk\u0142adania postaci elektronicznej Prac konkursowych. &nbsp; Prace konkursowe w postaci elektronicznej nale\u017cy sk\u0142ada\u0107 poprzez Elektroniczn\u0105 Platform\u0119 Konkursow\u0105. <em>Organizator uzyska dost\u0119p do powy\u017cszych dokument\u00f3w elektronicznych dopiero po terminie ich z\u0142o\u017cenia<\/em>. &nbsp; Plansze oraz cz\u0119\u015b\u0107 opisow\u0105 Pracy konkursowej w postaci fizycznej nale\u017cy sk\u0142ada\u0107 na adres korespondencyjny Organizatora wskazany w Rozdziale I ust. 1. tj: Oddzia\u0142 Warszawski Stowarzyszenia Architekt\u00f3w Polskich ul. Foksal 2 00-366 Warszawa (godziny pracy od 09.00 do 16.00)<\/td><td>Do dnia <strong>30.11.2023 r.<\/strong> do godziny <strong>15.00<\/strong><\/td><\/tr><tr><td>4.10.<\/td><td><strong><u>OG\u0141OSZENIE WYNIK\u00d3W KONKURSU<\/u><\/strong> &nbsp; Og\u0142oszenie wynik\u00f3w Konkursu na Stronie internetowej Konkursu oraz zawiadomienie poprzez Elektroniczn\u0105 Platform\u0119 Konkursow\u0105 Uczestnik\u00f3w konkursu o wynikach rozstrzygni\u0119cia konkursu. &nbsp; W przypadku, gdy Organizator b\u0119dzie organizowa\u0142 oficjalne, publiczne og\u0142oszenie wynik\u00f3w Konkursu, o miejscu i godzinie tego wydarzenia Uczestnicy konkursu zostan\u0105 powiadomieni odr\u0119bnie.<\/td><td>W dniu <strong>12.12.2023 r.<\/strong><\/td><\/tr><tr><td>4.11.<\/td><td><strong><u>WYSTAWA POKONKURSOWA<\/u><\/strong><\/td><td>O dacie wystawy Uczestnicy zostan\u0105 poinformowani odr\u0119bnie<\/td><\/tr><tr><td>4.12.<\/td><td><strong><u>DYSKUSJA POKONKURSOWA<\/u><\/strong><\/td><td>O dacie dyskusji Uczestnicy zostan\u0105 poinformowani odr\u0119bnie<\/td><\/tr><\/tbody><\/table><\/figure>\n","protected":false},"excerpt":{"rendered":"<p>ETAP KWALIFIKACYJNY 4.1. OG\u0141OSZENIE KONKURSU &nbsp; Og\u0142oszenie o konkursie zosta\u0142o przekazane Urz\u0119dowi Publikacji Unii Europejskiej 07.07.2023 r. 4.2. WNIOSKI O WYJA\u015aNIENIE TRE\u015aCI REGULAMINU (TURA 1) &nbsp; Zalecany termin sk\u0142adania poprzez Elektroniczn\u0105 Platform\u0119 Konkursow\u0105 wniosk\u00f3w o wyja\u015bnienie tre\u015bci Regulaminu konkursu dotycz\u0105cych<span class=\"ellipsis\">&hellip;<\/span><\/p>\n<div class=\"read-more\"><a href=\"http:\/\/konkurs-biezun.sarp.warszawa.pl\/index.php\/harmonogram\/\">Czytaj wi\u0119cej <span class=\"screen-reader-text\">Harmonogram<\/span><span class=\"meta-nav\"> &#8250;<\/span><\/a><\/div>\n<p><!-- end of .read-more --><\/p>\n","protected":false},"author":2,"featured_media":0,"parent":0,"menu_order":0,"comment_status":"closed","ping_status":"closed","template":"","meta":{"footnotes":""},"class_list":["post-1151","page","type-page","status-publish","hentry"],"_links":{"self":[{"href":"http:\/\/konkurs-biezun.sarp.warszawa.pl\/index.php\/wp-json\/wp\/v2\/pages\/1151","targetHints":{"allow":["GET"]}}],"collection":[{"href":"http:\/\/konkurs-biezun.sarp.warszawa.pl\/index.php\/wp-json\/wp\/v2\/pages"}],"about":[{"href":"http:\/\/konkurs-biezun.sarp.warszawa.pl\/index.php\/wp-json\/wp\/v2\/types\/page"}],"author":[{"embeddable":true,"href":"http:\/\/konkurs-biezun.sarp.warszawa.pl\/index.php\/wp-json\/wp\/v2\/users\/2"}],"replies":[{"embeddable":true,"href":"http:\/\/konkurs-biezun.sarp.warszawa.pl\/index.php\/wp-json\/wp\/v2\/comments?post=1151"}],"version-history":[{"count":1,"href":"http:\/\/konkurs-biezun.sarp.warszawa.pl\/index.php\/wp-json\/wp\/v2\/pages\/1151\/revisions"}],"predecessor-version":[{"id":1488,"href":"http:\/\/konkurs-biezun.sarp.warszawa.pl\/index.php\/wp-json\/wp\/v2\/pages\/1151\/revisions\/1488"}],"wp:attachment":[{"href":"http:\/\/konkurs-biezun.sarp.warszawa.pl\/index.php\/wp-json\/wp\/v2\/media?parent=1151"}],"curies":[{"name":"wp","href":"https:\/\/api.w.org\/{rel}","templated":true}]}}